{"id":1985,"date":"2022-01-24T16:07:37","date_gmt":"2022-01-24T21:07:37","guid":{"rendered":"https:\/\/inspire-sdg.ca\/services\/services-residentiels-de-releve-et-de-soutien-communautaire\/aide-financiere-pour-les-enfants-ayant-un-handicap-physique\/"},"modified":"2022-03-15T16:13:22","modified_gmt":"2022-03-15T20:13:22","slug":"aide-financiere-pour-les-enfants-ayant-un-handicap-physique","status":"publish","type":"page","link":"https:\/\/inspire-sdg.ca\/fr\/services\/services-residentiels-de-releve-et-de-soutien\/aide-financiere-pour-les-enfants-ayant-un-handicap-physique\/","title":{"rendered":"Aide financi\u00e8re pour les enfants ayant un handicap physique"},"content":{"rendered":"\n<p>Un financement peut \u00eatre accord\u00e9 aux fournisseurs de soins pour des services de rel\u00e8ve \u00e0 court terme au domicile de l\u2019enfant et\/ou dans la communaut\u00e9.<\/p>\n\n<p>Les fournisseurs de soins peuvent b\u00e9n\u00e9ficier de services de rel\u00e8ve \u00e0 court terme qui leur donnent l\u2019occasion de prendre soin d\u2019eux-m\u00eames et\/ou de r\u00e9pondre \u00e0 d\u2019autres besoins.<\/p>\n\n<h3 class=\"wp-block-heading\">Admissibilit\u00e9 :<\/h3>\n\n<p>Les enfants doivent r\u00e9pondre aux crit\u00e8res suivants pour \u00eatre admissibles :<\/p>\n\n<ul class=\"wp-block-list\"><li>enfants de 0 \u00e0 18 ans ayant un handicap physique.<\/li><\/ul>\n\n<h3 class=\"wp-block-heading\">Comment faire demande :<\/h3>\n\n<p>Si votre enfant r\u00e9pond aux crit\u00e8res pr\u00e9cit\u00e9s, veuillez remplir l\u2019un des deux formulaires de demande suivants :<\/p>\n\n<div class=\"wp-block-buttons is-layout-flex wp-block-buttons-is-layout-flex\">\n<div class=\"wp-block-button\"><a class=\"wp-block-button__link\" href=\"https:\/\/inspire-sdg.ca\/wp-content\/uploads\/2022\/01\/DEMANDE-DE-SERVICES-POUR-LES-ENFANTS-DAGE-SCOLAIRE-ET-MOINS-JUIL-2021.docx\">Demande de services \u2013 Enfants d\u2019\u00e2ge scolaire et moins<\/a><\/div>\n<\/div>\n\n<div class=\"wp-block-buttons is-layout-flex wp-block-buttons-is-layout-flex\">\n<div class=\"wp-block-button\"><a class=\"wp-block-button__link\" href=\"https:\/\/inspire-sdg.ca\/wp-content\/uploads\/2022\/01\/DEMANDE-DE-SERVICES-POUR-LES-ENFANTS-DAGE-SCOLAIRE-JUIL-2021.docx\">Demande de services \u2013 Enfants d\u2019\u00e2ge scolaire<\/a><\/div>\n<\/div>\n\n<p><\/p>\n\n<p>Veuillez envoyer votre demande par courriel \u00e0 <a href=\"mailto:intake@inspire-sdg.ca\">intake@inspire-sdg.ca<\/a> ou par t\u00e9l\u00e9copieur au 613-937-4550.<\/p>\n\n<p>La demande peut \u00e9galement \u00eatre faite par un gestionnaire de cas.<\/p>\n\n<p>Si vous avez des questions concernant la d\u00e9marche \u00e0 suivre, veuillez composer le 613-937-3072, poste 233, ou envoyer un courriel \u00e0 <a href=\"mailto:intake@inspire-sdg.ca\">intake@inspire-sdg.ca<\/a>. <\/p>\n\n<h3 class=\"wp-block-heading\">Co\u00fbt : Gratuit<\/h3>\n","protected":false},"excerpt":{"rendered":"<p>Un financement peut \u00eatre accord\u00e9 aux fournisseurs de soins pour des services de rel\u00e8ve \u00e0 court terme au domicile de l\u2019enfant et\/ou dans la communaut\u00e9. Les fournisseurs de soins peuvent b\u00e9n\u00e9ficier de services de rel\u00e8ve \u00e0 court terme qui leur donnent l\u2019occasion de prendre soin d\u2019eux-m\u00eames et\/ou de r\u00e9pondre \u00e0 d\u2019autres besoins. Admissibilit\u00e9 : Les [&hellip;]<\/p>\n","protected":false},"author":1,"featured_media":0,"parent":1697,"menu_order":0,"comment_status":"closed","ping_status":"closed","template":"","meta":{"_acf_changed":false,"_et_pb_use_builder":"","_et_pb_old_content":"","_et_gb_content_width":"","footnotes":""},"class_list":["post-1985","page","type-page","status-publish","hentry"],"acf":[],"_links":{"self":[{"href":"https:\/\/inspire-sdg.ca\/fr\/wp-json\/wp\/v2\/pages\/1985","targetHints":{"allow":["GET"]}}],"collection":[{"href":"https:\/\/inspire-sdg.ca\/fr\/wp-json\/wp\/v2\/pages"}],"about":[{"href":"https:\/\/inspire-sdg.ca\/fr\/wp-json\/wp\/v2\/types\/page"}],"author":[{"embeddable":true,"href":"https:\/\/inspire-sdg.ca\/fr\/wp-json\/wp\/v2\/users\/1"}],"replies":[{"embeddable":true,"href":"https:\/\/inspire-sdg.ca\/fr\/wp-json\/wp\/v2\/comments?post=1985"}],"version-history":[{"count":13,"href":"https:\/\/inspire-sdg.ca\/fr\/wp-json\/wp\/v2\/pages\/1985\/revisions"}],"predecessor-version":[{"id":2950,"href":"https:\/\/inspire-sdg.ca\/fr\/wp-json\/wp\/v2\/pages\/1985\/revisions\/2950"}],"up":[{"embeddable":true,"href":"https:\/\/inspire-sdg.ca\/fr\/wp-json\/wp\/v2\/pages\/1697"}],"wp:attachment":[{"href":"https:\/\/inspire-sdg.ca\/fr\/wp-json\/wp\/v2\/media?parent=1985"}],"curies":[{"name":"wp","href":"https:\/\/api.w.org\/{rel}","templated":true}]}}

Aide financière pour les enfants ayant un handicap physique

<p>Un financement peut être accordé aux fournisseurs de soins pour des services de relève à court terme au domicile de l’enfant et/ou dans la communauté.</p>

<p>Les fournisseurs de soins peuvent bénéficier de services de relève à court terme qui leur donnent l’occasion de prendre soin d’eux-mêmes et/ou de répondre à d’autres besoins.</p>

<h3 class="wp-block-heading">Admissibilité :</h3>

<p>Les enfants doivent répondre aux critères suivants pour être admissibles :</p>

<ul class="wp-block-list"><li>enfants de 0 à 18 ans ayant un handicap physique.</li></ul>

<h3 class="wp-block-heading">Comment faire demande :</h3>

<p>Si votre enfant répond aux critères précités, veuillez remplir l’un des deux formulaires de demande suivants :</p>

<div class="wp-block-buttons is-layout-flex wp-block-buttons-is-layout-flex">
<div class="wp-block-button"><a class="wp-block-button__link" href="https://inspire-sdg.ca/wp-content/uploads/2022/01/DEMANDE-DE-SERVICES-POUR-LES-ENFANTS-DAGE-SCOLAIRE-ET-MOINS-JUIL-2021.docx">Demande de services – Enfants d’âge scolaire et moins</a></div>
</div>

<div class="wp-block-buttons is-layout-flex wp-block-buttons-is-layout-flex">
<div class="wp-block-button"><a class="wp-block-button__link" href="https://inspire-sdg.ca/wp-content/uploads/2022/01/DEMANDE-DE-SERVICES-POUR-LES-ENFANTS-DAGE-SCOLAIRE-JUIL-2021.docx">Demande de services – Enfants d’âge scolaire</a></div>
</div>

<p></p>

<p>Veuillez envoyer votre demande par courriel à <a href="mailto:intake@inspire-sdg.ca">intake@inspire-sdg.ca</a> ou par télécopieur au 613-937-4550.</p>

<p>La demande peut également être faite par un gestionnaire de cas.</p>

<p>Si vous avez des questions concernant la démarche à suivre, veuillez composer le 613-937-3072, poste 233, ou envoyer un courriel à <a href="mailto:intake@inspire-sdg.ca">intake@inspire-sdg.ca</a>. </p>

<h3 class="wp-block-heading">Coût : Gratuit</h3>

<p>Un financement peut être accordé aux fournisseurs de soins pour des services de relève à court terme au domicile de l’enfant et/ou dans la communauté. Les fournisseurs de soins peuvent bénéficier de services de relève à court terme qui leur donnent l’occasion de prendre soin d’eux-mêmes et/ou de répondre à d’autres besoins. Admissibilité : Les [&hellip;]</p>
